20 - 11?
303
In base 14, what is -2 + -b?
-d
In base 12, what is -9 - 7b?
-88
In base 16, what is 632 - 3?
62f
In base 11, what is -2a + -18?
-47
In base 3, what is 2001 - 11012?
-2011
In base 9, what is 160 + 4?
164
In base 7, what is 3 + 104?
110
In base 12, what is -4 - 76?
-7a
In base 12, what is 3 + 2a0?
2a3
In base 2, what is -1 + -1110011?
-1110100
In base 3, what is -100 - 12?
-112
In base 5, what is 13 - -114?
132
In base 8, what is -46 - -3?
-43
In base 4, what is -2220 + 1100?
-1120
In base 9, what is 13515 + -5?
13510
In base 6, what is 12405 - -5?
12414
In base 10, what is -75 - -8?
-67
In base 11, what is 5 - a1?
-97
In base 4, what is 3 - -11211?
11220
In base 2, what is 1000000011 - 10000?
111110011
In base 4, what is -1202 - 1002?
-2210
In base 10, what is 2 - 273?
-271
In base 8, what is -1 - 125?
-126
In base 7, what is -50 + 6?
-41
In base 8, what is -152 + 44?
-106
In base 11, what is -17 - 5?
-21
In base 16, what is -1bd - -2?
-1bb
In base 4, what is 1002 + 0?
1002
In base 10, what is 454 + -8?
446
In base 2, what is -10110 + 10011?
-11
In base 10, what is -520 - -1?
-519
In base 4, what is 1 + -110312?
-110311
In base 14, what is -b - -66?
59
In base 12, what is b40 - -1?
b41
In base 5, what is 1 - 302?
-301
In base 8, what is 5 - -244?
251
In base 10, what is 1 + 132?
133
In base 3, what is 10 + 100?
110
In base 8, what is 6 - 766?
-760
In base 14, what is -3 - -177?
174
In base 12, what is b17 + -1?
b16
In base 14, what is -4 - 44?
-48
In base 2, what is 1000001001101 - 100?
1000001001001
In base 5, what is 442 - 13?
424
In base 4, what is -10 + -20013?
-20023
In base 14, what is 1 - 288?
-287
In base 11, what is 2 - -a9?
100
In base 2, what is -1100000 - -10111?
-1001001
In base 10, what is -9 - 103?
-112
In base 15, what is -2060 - 2?
-2062
In base 3, what is -2 - 10011020?
-10011022
In base 12, what is -4 - -1210?
1208
In base 6, what is 0 - 1151?
-1151
In base 4, what is -131 + 31?
-100
In base 4, what is 222 - 0?
222
In base 9, what is -1212 - 0?
-1212
In base 3, what is 1 - 11101?
-11100
In base 11, what is 36 + 104?
13a
In base 7, what is 14 + -552?
-535
In base 16, what is 1f - -6?
25
In base 6, what is 25 - 451?
-422
In base 10, what is -775 - -4?
-771
In base 15, what is 34 + -12?
22
In base 14, what is a0 + -d?
91
In base 6, what is -341 - 0?
-341
In base 11, what is -14 - 25?
-39
In base 15, what is 2 + -56?
-54
In base 10, what is -5844 - 0?
-5844
In base 11, what is -48 + -6?
-53
In base 4, what is 13 + -13?
0
In base 8, what is 0 + -427?
-427
In base 16, what is 11 - -21?
32
In base 14, what is -1d - 65?
-84
In base 10, what is 1 + -307?
-306
In base 5, what is 4 + -2412?
-2403
In base 10, what is 1169 + 5?
1174
In base 16, what is 1ac - -5?
1b1
In base 6, what is 53 - -2?
55
In base 12, what is -b - -5?
-6
In base 4, what is -31 + 123?
32
In base 12, what is -152 - -3?
-14b
In base 13, what is -4bc - -3?
-4b9
In base 13, what is 4 - -277?
27b
In base 7, what is -6 - -1240?
1231
In base 9, what is -1 - 76?
-77
In base 10, what is 1215 + 4?
1219
In base 5, what is -12032 + 0?
-12032
In base 15, what is -2 - 4b?
-4d
In base 4, what is -21032 + 31?
-21001
In base 4, what is 1122011 - 10?
1122001
In base 5, what is 10321 - 12?
10304
In base 6, what is -1 + -2123?
-2124
In base 8, what is 5 + 74?
101
In base 3, what is 20 - -200?
220
In base 12, what is -427 - 4?
-42b
In base 4, what is -20 - -32?
12
In base 6, what is -211 - -214?
3
In base 12, what is -13 + 6?
-9
In base 8, what is 140300 + -2?
140276
In base 6, what is 125 + 100?
225
In base 4, what is 11201 + 3?
11210
In base 14, what is 2c8 - 2b?
29b
In base 3, what is 10212 - -22?
11011
In base 7, what is -1 + -163?
-164
In base 8, what is -4 - -127?
123
In base 8, what is 205 - 3?
202
In base 5, what is 0 + -113301?
-113301
In base 16, what is 12 - c?
6
In base 10, what is -77 + -1?
-78
In base 4, what is -11 - -232?
221
In base 12, what is -13 - 404?
-417
In base 15, what is -7d1 - 4?
-7d5
In base 4, what is 3032 - -231?
3323
In base 14, what is -18 + 1?
-17
In base 14, what is -5 - 18?
-1d
In base 11, what is 44 + -3a?
5
In base 12, what is 42 - -4?
46
In base 11, what is -322 + 3?
-31a
In base 16, what is -d - 547?
-554
In base 8, what is 12 - -143?
155
In base 7, what is -5 - -2626?
2621
In base 10, what is -2972 - -5?
-2967
In base 7, what is -1404 - -5?
-1366
In base 9, what is 3085 - 5?
3080
In base 4, what is -2 - -31?
23
In base 3, what is -221221 - 1?
-221222
In base 12, what is 8 - 39?
-31
In base 10, what is 5 - 38?
-33
In base 7, what is 2022 - -3?
2025
In base 8, what is -3476 - 2?
-3500
In base 7, what is 300 + 4?
304
In base 15, what is -6 - 1?
-7
In base 5, what is 3 - -3141?
3144
In base 8, what is -2 + 1344?
1342
In base 9, what is 6223 + 2?
6225
In base 3, what is 1000120 + 2?
1000122
In base 15, what is -14 + -67?
-7b
In base 14, what is 179 + 0?
179
In base 2, what is 1111110 - 1?
1111101
In base 9, what is 2323 - -4?
2327
In base 6, what is -34 - -30?
-4
In base 9, what is 6 - 358?
-352
In base 14, what is 79 + -2?
77
In base 2, what is -1 - -10101110101?
10101110100
In base 7, what is 10 + 5?
15
In base 15, what is -5 - 1b8?
-1bd
In base 9, what is 171 - 16?
154
In base 3, what is -1100111 - 2?
-1100120
In base 13, what is c6 - -5?
cb
In base 13, what is -9c8 - -1?
-9c7
In base 7, what is 2 - 3?
-1
In base 5, what is 1002 - -30?
1032
In base 16, what is -433 - -2?
-431
In base 13, what is 6 - 29?
-23
In base 10, what is -164 + -4?
-168
In base 5, what is 313 + 4?
322
In base 13, what is 588a + -1?
5889
In base 8, what is -224 - -3?
-221
In base 13, what is c + -15?
-6
In base 3, what is -2 + -10?
-12
In base 11, what is 26 - -3?
29
In base 11, what is -26 - 14?
-3a
In base 6, what is -14 - 1?
-15
In base 4, what is -32231 - 2?
-32233
In base 6, what is 4 - -12453?
12501
In base 14, what is 411 - -1?
412
In base 2, what is -10 - 1111100011?
-1111100101
In base 13, what is -33 - 7?
-3a
In base 5, what is -1334 + -1?
-1340
In base 12, what is 1 + 119?
11a
In base 8, what is 2 - -40?
42
In base 9, what is -3 - 13?
-16
In base 3, what is 0 - -200?
200
In base 10, what is 3234 + -1?
3233
In base 13, what is 199 - -1?
19a
In base 8, what is 15165 + 4?
15171
In base 10, what is -5 - -303?
298
In base 4, what is -2 - -122?
120
In base 2, what is 10010 - -101?
10111
In base 8, what is -145 - 22?
-167
In base 16, what is 1 + -6b?
-6a
In base 11, what is -1 - -a5?
a4
In base 8, what is -207 + 1?
-206
In base 5, what is 24 + -112?
-33
In base 3, what is -10 - 1021000?
-1021010
In base 12, what is -b64 - 4?
-b68
In base 3, what is -20102 - 10?
-20112
In base 3, what is -11 + -2200101?
-2200112
In base 5, what is 1 - -1113?
1114
In base 15, what is -3 + 2c6?
2c3
In base 16, what is 284 + 2?
286
In base 6, what is 52 + -111?
-15
In base 2, what is -1011010110 - 1100?
-1011100010
In base 5, what is 2422 - 2?
2420
In base 9, what is -1 - 70?
-71
In base 12, what is -3 - -261?
25a
In base 7, what is 4 - 1254?
-1250
In base 15, what is -28 + -1?
-29
In base 10, what is -876 + -1?
-877
In base 13, what is -1 - -b72?
b71
In base 16, what is dad + -3?
daa
In base 11, what is 47 - 8?
3a
In base 15, what is b - 11?
-5
In base 12, what is 6b - -4?
73
In base 11, what is 216 - 50?
176
In base 7, what is 14 + -1340?
-1323
In base 10, what is 753 + -4?
749
In base 13, what is -5 + 550?
548
In base 9, what is 5 - -1372?
1377
In base 9, what is -1053 - 0?
-1053
In base 14, what is 161a + 5?
1621
In base 3, what is 10 + -111112?
-111102
In base 9, what is 0 + 540?
540
In base 13, what is -6 - 342?
-348
In base 12, what is 3 - -174?
177
In base 4, what is -12310 - -30?
-12220
In base 8, what is -65 - -16?
-47
In base 15, what is 0 + -17b?
-17b
In base 3, what is 20 - 102211?
-102121
In base 8, what is 40 + 0?
40
In base 5, what is 11132 + 20?
11202
In base 5, what is 3023 - -10?
3033
In base 6, what is 20 + -13?
3
In base 12, what is -4 - 36?
-3a
In base 3, what is -101001 - -11?
-100220
In base 6, what is -122 + 2?
-120
In base 6, what is -1 - 24305?
-24310
In base 4, what is -331223 + 1?
-331222
In base 4, what is -231 - 10?
-301
In base 9, what is -3 + -75?
-78
In base 12, what is -118 + -2?
-11a
In base 4, what is 130 + 2?
132
In base 12, what is -5 - 